t is the remainder when 684 is divided by 29?
17
What is the remainder when 183 is divided by 73?
37
What is the remainder when 185 is divided by 89?
7
What is the remainder when 377 is divided by 122?
11
What is the remainder when 1528 is divided by 81?
70
Calculate the remainder when 106 is divided by 30.
16
What is the remainder when 650 is divided by 55?
45
Calculate the remainder when 49 is divided by 9.
4
What is the remainder when 8 is divided by 3?
2
Calculate the remainder when 130 is divided by 15.
10
Calculate the remainder when 77 is divided by 10.
7
Calculate the remainder when 97 is divided by 14.
13
What is the remainder when 880 is divided by 196?
96
What is the remainder when 65 is divided by 17?
14
What is the remainder when 2507 is divided by 41?
6
What is the remainder when 1640 is divided by 17?
8
Calculate the remainder when 1188 is divided by 295.
8
What is the remainder when 224 is divided by 21?
14
Calculate the remainder when 241 is divided by 61.
58
Calculate the remainder when 7 is divided by 6.
1
Calculate the remainder when 179 is divided by 48.
35
What is the remainder when 393 is divided by 33?
30
What is the remainder when 48 is divided by 38?
10
Calculate the remainder when 79 is divided by 42.
37
Calculate the remainder when 253 is divided by 33.
22
What is the remainder when 136 is divided by 14?
10
What is the remainder when 45 is divided by 13?
6
What is the remainder when 117 is divided by 6?
3
Calculate the remainder when 811 is divided by 58.
57
What is the remainder when 162 is divided by 88?
74
Calculate the remainder when 1477 is divided by 67.
3
Calculate the remainder when 53 is divided by 9.
8
What is the remainder when 4468 is divided by 26?
22
Calculate the remainder when 124 is divided by 21.
19
What is the remainder when 45 is divided by 35?
10
Calculate the remainder when 91 is divided by 42.
7
Calculate the remainder when 15240 is divided by 103.
99
Calculate the remainder when 74 is divided by 38.
36
Calculate the remainder when 341 is divided by 197.
144
Calculate the remainder when 716 is divided by 236.
8
What is the remainder when 4211 is divided by 162?
161
What is the remainder when 67 is divided by 7?
4
Calculate the remainder when 3512 is divided by 14.
12
What is the remainder when 388 is divided by 19?
8
Calculate the remainder when 171 is divided by 92.
79
Calculate the remainder when 168 is divided by 65.
38
Calculate the remainder when 1375 is divided by 293.
203
What is the remainder when 5771 is divided by 44?
7
Calculate the remainder when 3756 is divided by 94.
90
What is the remainder when 15 is divided by 7?
1
What is the remainder when 209 is divided by 7?
6
Calculate the remainder when 91 is divided by 38.
15
Calculate the remainder when 1055 is divided by 277.
224
What is the remainder when 218 is divided by 11?
9
Calculate the remainder when 756 is divided by 252.
0
What is the remainder when 768 is divided by 131?
113
Calculate the remainder when 2278 is divided by 18.
10
What is the remainder when 569 is divided by 188?
5
What is the remainder when 548 is divided by 119?
72
Calculate the remainder when 348 is divided by 13.
10
Calculate the remainder when 60 is divided by 24.
12
What is the remainder when 538 is divided by 124?
42
Calculate the remainder when 215 is divided by 79.
57
Calculate the remainder when 391 is divided by 29.
14
What is the remainder when 370 is divided by 18?
10
What is the remainder when 2518 is divided by 70?
68
What is the remainder when 24011 is divided by 59?
57
Calculate the remainder when 1385 is divided by 18.
17
What is the remainder when 805 is divided by 31?
30
Calculate the remainder when 455 is divided by 76.
75
Calculate the remainder when 187 is divided by 27.
25
Calculate the remainder when 126 is divided by 31.
2
What is the remainder when 609 is divided by 70?
49
Calculate the remainder when 122 is divided by 67.
55
Calculate the remainder when 978 is divided by 28.
26
What is the remainder when 349 is divided by 71?
65
Calculate the remainder when 283 is divided by 59.
47
What is the remainder when 229 is divided by 6?
1
What is the remainder when 36 is divided by 15?
6
What is the remainder when 273 is divided by 72?
57
What is the remainder when 764 is divided by 14?
8
What is the remainder when 141 is divided by 8?
5
Calculate the remainder when 96 is divided by 32.
0
Calculate the remainder when 739 is divided by 10.
9
What is the remainder when 7349 is divided by 25?
24
Calculate the remainder when 731 is divided by 120.
11
What is the remainder when 1074 is divided by 36?
30
Calculate the remainder when 803 is divided by 7.
5
What is the remainder when 2369 is divided by 15?
14
What is the remainder when 52 is divided by 14?
10
Calculate the remainder when 321 is divided by 12.
9
What is the remainder when 236 is divided by 145?
91
Calculate the remainder when 1054 is divided by 33.
31
Calculate the remainder when 570 is divided by 304.
266
What is the remainder when 2661 is divided by 13?
9
Calculate the remainder when 2566 is divided by 23.
13
Calculate the remainder when 53 is divided by 3.
2
Calculate the remainder when 13 is divided by 3.
1
Calculate the remainder when 2042 is divided by 64.
58
Calculate the remainder when 1021 is divided by 73.
72
Calculate the remainder when 1002 is divided by 90.
12
What is the remainder when 437 is divided by 17?
12
What is the remainder when 141 is divided by 18?
15
Calculate the remainder when 721 is divided by 359.
3
What is the remainder when 3725 is divided by 16?
13
Calculate the remainder when 1545 is divided by 63.
33
Calculate the remainder when 190 is divided by 28.
22
What is the remainder when 929 is divided by 246?
191
Calculate the remainder when 593 is divided by 67.
57
Calculate the remainder when 342 is divided by 10.
2
What is the remainder when 1352 is divided by 123?
122
What is the remainder when 398 is divided by 53?
27
What is the remainder when 75 is divided by 34?
7
What is the remainder when 10806 is divided by 212?
206
What is the remainder when 92 is divided by 48?
44
Calculate the remainder when 187 is divided by 58.
13
Calculate the remainder when 4157 is divided by 460.
17
Calculate the remainder when 198 is divided by 171.
27
What is the remainder when 156 is divided by 15?
6
What is the remainder when 1963 is divided by 490?
3
What is the remainder when 98 is divided by 10?
8
What is the remainder when 3688 is divided by 336?
328
What is the remainder when 354 is divided by 87?
6
Calculate the remainder when 2148 is divided by 41.
16
Calculate the remainder when 568 is divided by 5.
3
What is the remainder when 9 is divided by 1?
0
Calculate the remainder when 220 is divided by 57.
49
What is the remainder when 433 is divided by 54?
1
Calculate the remainder when 129 is divided by 22.
19
What is the remainder when 851 is divided by 112?
67
Calculate the remainder when 406 is divided by 115.
61
Calculate the remainder when 96 is divided by 85.
11
What is the remainder when 3079 is divided by 44?
43
What is the remainder when 42 is divided by 33?
9
Calculate the remainder when 366 is divided by 120.
6
Calculate the remainder when 207 is divided by 79.
49
Calculate the remainder when 673 is divided by 49.
36
Calculate the remainder when 83 is divided by 17.
15
Calculate the remainder when 47 is divided by 6.
5
Calculate the remainder when 801 is divided by 6.
3
What is the remainder when 687 is divided by 24?
15
What is the remainder when 3546 is divided by 34?
10
What is the remainder when 1719 is divided by 4?
3
Calculate the remainder when 444 is divided by 138.
30
What is the remainder when 66 is divided by 18?
12
What is the remainder when 65 is divided by 28?
9
What is the remainder when 2139 is divided by 1064?
11
What is the remainder when 1071 is divided by 181?
166
Calculate the remainder when 58 is divided by 12.
10
Calculate the remainder when 1075 is divided by 536.
3
Calculate the remainder when 18330 is divided by 27.
24
Calculate the remainder when 1321 is divided by 121.
111
What is the remainder when 228 is divided by 8?
4
Calculate the remainder when 4556 is divided by 106.
104
Calculate the remainder when 753 is divided